{"id":9,"date":"2016-12-24T00:48:36","date_gmt":"2016-12-23T22:48:36","guid":{"rendered":"http:\/\/www.leverendustriyel.com\/?page_id=9"},"modified":"2021-09-02T10:40:49","modified_gmt":"2021-09-02T07:40:49","slug":"bize-ulasin","status":"publish","type":"page","link":"https:\/\/www.leverendustriyel.com\/index.php\/bize-ulasin\/","title":{"rendered":"Bize ula\u015f\u0131n"},"content":{"rendered":"<p style=\"text-align: center;\"><strong><a href=\"http:\/\/www.leverendustriyel.com\/index.php\/bize-ulasin\/iletisim\/\" rel=\"attachment wp-att-262\"><img data-opt-id=1389817678  fetchpriority=\"high\" decoding=\"async\" class=\"aligncenter wp-image-262 size-full\" src=\"https:\/\/mlxtpg4jf7lt.i.optimole.com\/w:auto\/h:auto\/q:mauto\/f:best\/http:\/\/www.leverendustriyel.com\/wp-content\/uploads\/2016\/12\/iletisim.png\" alt=\"\" width=\"710\" height=\"253\" srcset=\"https:\/\/mlxtpg4jf7lt.i.optimole.com\/w:710\/h:253\/q:mauto\/f:best\/https:\/\/www.leverendustriyel.com\/wp-content\/uploads\/2016\/12\/iletisim.png 710w, https:\/\/mlxtpg4jf7lt.i.optimole.com\/w:300\/h:107\/q:mauto\/f:best\/https:\/\/www.leverendustriyel.com\/wp-content\/uploads\/2016\/12\/iletisim.png 300w\" sizes=\"(max-width: 710px) 100vw, 710px\" \/><\/a><\/strong><\/p>\n<p style=\"text-align: center;\"><strong>Adres:<\/strong> \u00d6z Ankara G\u0131da Toptanc\u0131lar\u0131 Sitesi<\/p>\n<p style=\"text-align: center;\">Macun Mahallesi.\u00a0 Bat\u0131 Bulvar\u0131 4. Blok No: 2\/150<\/p>\n<p style=\"text-align: center;\">Yenimahalle \u2013 Ankara<\/p>\n<p style=\"text-align: center;\">Tel: 0312 446 40 41<\/p>\n<p style=\"text-align: center;\">Faks: 0312 387 42 43<\/p>\n<p style=\"text-align: center;\">E-Mail: info@leverendustriyel.com<\/p>\n","protected":false},"excerpt":{"rendered":"<p>Adres: \u00d6z Ankara G\u0131da Toptanc\u0131lar\u0131 Sitesi Macun Mahallesi.\u00a0 Bat\u0131 Bulvar\u0131 4. Blok No: 2\/150 Yenimahalle \u2013 Ankara Tel: 0312 446 40 41 Faks: 0312 387 42 43 E-Mail: info@leverendustriyel.com<\/p>\n","protected":false},"author":1,"featured_media":0,"parent":0,"menu_order":0,"comment_status":"closed","ping_status":"closed","template":"","meta":{"footnotes":""},"class_list":["post-9","page","type-page","status-publish","hentry"],"_links":{"self":[{"href":"https:\/\/www.leverendustriyel.com\/index.php\/wp-json\/wp\/v2\/pages\/9","targetHints":{"allow":["GET"]}}],"collection":[{"href":"https:\/\/www.leverendustriyel.com\/index.php\/wp-json\/wp\/v2\/pages"}],"about":[{"href":"https:\/\/www.leverendustriyel.com\/index.php\/wp-json\/wp\/v2\/types\/page"}],"author":[{"embeddable":true,"href":"https:\/\/www.leverendustriyel.com\/index.php\/wp-json\/wp\/v2\/users\/1"}],"replies":[{"embeddable":true,"href":"https:\/\/www.leverendustriyel.com\/index.php\/wp-json\/wp\/v2\/comments?post=9"}],"version-history":[{"count":22,"href":"https:\/\/www.leverendustriyel.com\/index.php\/wp-json\/wp\/v2\/pages\/9\/revisions"}],"predecessor-version":[{"id":883,"href":"https:\/\/www.leverendustriyel.com\/index.php\/wp-json\/wp\/v2\/pages\/9\/revisions\/883"}],"wp:attachment":[{"href":"https:\/\/www.leverendustriyel.com\/index.php\/wp-json\/wp\/v2\/media?parent=9"}],"curies":[{"name":"wp","href":"https:\/\/api.w.org\/{rel}","templated":true}]}}