{"id":8,"date":"2016-12-24T00:48:36","date_gmt":"2016-12-23T22:48:36","guid":{"rendered":"http:\/\/www.leverendustriyel.com\/?page_id=8"},"modified":"2018-03-17T14:51:33","modified_gmt":"2018-03-17T12:51:33","slug":"hakkimizda","status":"publish","type":"page","link":"https:\/\/www.leverendustriyel.com\/index.php\/hakkimizda\/","title":{"rendered":"Hakk\u0131m\u0131zda"},"content":{"rendered":"<p style=\"text-align: center;\"><a href=\"http:\/\/www.leverendustriyel.com\" rel=\"attachment wp-att-328\"><img data-opt-id=1607387432  fetchpriority=\"high\" decoding=\"async\" class=\"aligncenter wp-image-328\" src=\"https:\/\/mlxtpg4jf7lt.i.optimole.com\/w:auto\/h:auto\/q:mauto\/f:best\/http:\/\/www.leverendustriyel.com\/wp-content\/uploads\/2016\/12\/cropped-cropped-lever-logo-dikey-4.jpg\" alt=\"\" width=\"531\" height=\"273\" srcset=\"https:\/\/mlxtpg4jf7lt.i.optimole.com\/w:960\/h:494\/q:mauto\/f:best\/https:\/\/www.leverendustriyel.com\/wp-content\/uploads\/2016\/12\/cropped-cropped-lever-logo-dikey-4.jpg 960w, https:\/\/mlxtpg4jf7lt.i.optimole.com\/w:300\/h:154\/q:mauto\/f:best\/https:\/\/www.leverendustriyel.com\/wp-content\/uploads\/2016\/12\/cropped-cropped-lever-logo-dikey-4.jpg 300w, https:\/\/mlxtpg4jf7lt.i.optimole.com\/w:768\/h:395\/q:mauto\/f:best\/https:\/\/www.leverendustriyel.com\/wp-content\/uploads\/2016\/12\/cropped-cropped-lever-logo-dikey-4.jpg 768w\" sizes=\"(max-width: 531px) 100vw, 531px\" \/><\/a><\/p>\n<p style=\"text-align: left;\"><b><strong>Lever End\u00fcstriyel&#8217;in amac\u0131; ya\u015fam\u0131 korumak, d\u00fcnyay\u0131 korumak ve i\u015fimizi geli\u015ftirmektir.\u00a0<\/strong><\/b><\/p>\n<p>Bu net ifade ile \u015firket olarak varolu\u015f sebebimizi, kendimizden ve i\u015fimizden ne bekledi\u011fimizi a\u00e7\u0131klam\u0131\u015f bulunuyoruz. Amac\u0131m\u0131z, s\u00fcrd\u00fcr\u00fclebilirli\u011fin en \u00f6nemli sosyal, \u00e7evresel ve ekonomik anlamlar\u0131n\u0131 kucaklad\u0131\u011f\u0131m\u0131z \u00f6zel yakla\u015f\u0131m\u0131 ortaya koymaktad\u0131r.<\/p>\n<p>S\u00fcrd\u00fcr\u00fclebilirlik konusundaki liderli\u011fimiz; m\u00fc\u015fterilerimiz, \u00e7al\u0131\u015fanlar\u0131m\u0131z ve topluluklar\u0131m\u0131z taraf\u0131ndan kabul g\u00f6rmekte ve takdir edilmektedir.<\/p>\n<p>&nbsp;<\/p>\n<p style=\"text-align: center;\"><b>KORU<\/b><\/p>\n<p style=\"text-align: center;\">\u00a0FAAL\u0130YETLER \u00a0&#8211; M\u00dc\u015eTER\u0130LER\u00a0 TOPLUMLAR \u00a0&#8211; \u0130\u015e G\u00dcC\u00dc &#8211; \u00a0ORTAKLAR\u00a0\u00a0\u00a0\u00a0 DENET\u0130M<\/p>\n<p>&nbsp;<\/p>\n<p><a href=\"http:\/\/www.leverendustriyel.com\/index.php\/hakkimizda\/diversey_amac\/\" rel=\"attachment wp-att-469\"><img data-opt-id=1244997438  fetchpriority=\"high\" decoding=\"async\" class=\"aligncenter wp-image-469 size-full\" src=\"https:\/\/mlxtpg4jf7lt.i.optimole.com\/w:auto\/h:auto\/q:mauto\/f:best\/http:\/\/www.leverendustriyel.com\/wp-content\/uploads\/2016\/12\/Diversey_amac.jpg\" alt=\"\" width=\"680\" height=\"695\" srcset=\"https:\/\/mlxtpg4jf7lt.i.optimole.com\/w:680\/h:695\/q:mauto\/f:best\/https:\/\/www.leverendustriyel.com\/wp-content\/uploads\/2016\/12\/Diversey_amac.jpg 680w, https:\/\/mlxtpg4jf7lt.i.optimole.com\/w:294\/h:300\/q:mauto\/f:best\/https:\/\/www.leverendustriyel.com\/wp-content\/uploads\/2016\/12\/Diversey_amac.jpg 294w, https:\/\/mlxtpg4jf7lt.i.optimole.com\/w:370\/h:378\/q:mauto\/f:best\/https:\/\/www.leverendustriyel.com\/wp-content\/uploads\/2016\/12\/Diversey_amac.jpg 370w\" sizes=\"(max-width: 680px) 100vw, 680px\" \/><\/a><\/p>\n<p><b><strong>\u00a0<\/strong><\/b><\/p>\n<p>&nbsp;<\/p>\n<p style=\"text-align: center;\"><b><strong>MUHAFAZA ET<\/strong><\/b>\u00a0 &#8211;\u00a0<b><strong>DE\u011e\u0130\u015eT\u0130R<\/strong><\/b><\/p>\n<p style=\"text-align: center;\">DAHA TEM\u0130Z, SA\u011eLIKLI B\u0130R GELECEK<\/p>\n<p>&nbsp;<\/p>\n<p><b><strong>Lever\u2019 de S\u00fcrd\u00fcr\u00fclebilirlik<\/strong><\/b><\/p>\n<p>S\u00fcrd\u00fcr\u00fclebilirlik; stratejimizin odak noktas\u0131 ve d\u00fcnya i\u00e7in daha temiz ve sa\u011fl\u0131kl\u0131 bir gelecek temin etme \u00e7al\u0131\u015fmalar\u0131m\u0131z\u0131n can damar\u0131d\u0131r.<\/p>\n<p>Lever&#8217; in &#8220;S\u00fcrd\u00fcr\u00fclebilirlik&#8221; konusundaki alt\u0131 konu ba\u015fl\u0131\u011f\u0131 \u015funlard\u0131r:<\/p>\n<p>&nbsp;<\/p>\n<p><b><strong>Faaliyetler<\/strong><\/b><\/p>\n<p>\u00dcr\u00fcnlerimizin ve faaliyetlerimizin \u00e7evre \u00fczerindeki etkisini s\u00fcrekli azaltarak, gelecek nesiller i\u00e7in d\u00fcnyay\u0131 koruyoruz. \u00c7evreyi koruma konusunda \u00e7evreye verdi\u011fimiz kimyasal etkiyi azaltma ad\u0131na bir taahh\u00fctte bulunduk. S\u00f6z konusu hedeflerimize \u00e7al\u0131\u015fanlar\u0131m\u0131z\u0131n, tutku dolu bir bi\u00e7imde kendilerini bu i\u015fe adamalar\u0131 sayesinde ula\u015f\u0131yoruz.<\/p>\n<p>&nbsp;<\/p>\n<p><b><strong>M\u00fc\u015fteriler<\/strong><\/b><\/p>\n<p>G\u0131da, i\u00e7ecek\u00a0 alanlar\u0131n\u0131n ve tesislerin daha g\u00fcvenli ve hijyenik olmas\u0131n\u0131 sa\u011flayan \u00fcst\u00fcn \u00fcr\u00fcnler\/\u00e7\u00f6z\u00fcmler \u00fcreterek ya\u015fam\u0131 koruyoruz.<\/p>\n<p>Seyreltme ve dispenser teknolojisindeki sanayi lideri yeniliklerimiz ile e\u015fsiz ambalaj tasar\u0131mlar\u0131m\u0131z, bizim, ambalaj ve kimyasal at\u0131klar\u0131 \u00f6nemli miktarda ortadan kald\u0131rmam\u0131z\u0131, nakliye ile ilintili karbondioksit sal\u0131n\u0131mlar\u0131n\u0131 azaltmam\u0131z\u0131 ve i\u015f\u00e7ileri korumam\u0131z\u0131 sa\u011flamaktad\u0131r. Konsantre sol\u00fcsyonlar\u0131m\u0131z, geleneksel su katk\u0131l\u0131 \u00fcr\u00fcnlerden daha hafif ve bizim tescilli dozaj ve dispenser donan\u0131m\u0131m\u0131zla \u00e7al\u0131\u015fan, \u00f6zel geli\u015ftirilmi\u015f kaplarda ambalajlanm\u0131\u015ft\u0131r. Kapal\u0131 d\u00f6ng\u00fcl\u00fc seyreltiler, m\u00fc\u015fterilerimizin konsantre kimyasallarla do\u011frudan temas etmelerini \u00f6nler ve do\u011fru \u00fcr\u00fcn seyreltimlerini garanti ederek azami etki elde edilmesini sa\u011flar.\u00a0 Nakliye ve depolama alan\u0131n\u0131 azaltmak amac\u0131yla ambalajlar\u0131m\u0131z\u0131 kendimiz tasarl\u0131yor, at\u0131klar\u0131 \u00f6nlemeye yard\u0131mc\u0131 olmak ad\u0131na geri d\u00f6n\u00fc\u015f\u00fcml\u00fc malzemeler kullan\u0131yoruz.<\/p>\n<p>&nbsp;<\/p>\n<p><b><strong>Toplumlar<\/strong><\/b><\/p>\n<p>Faaliyet g\u00f6sterdi\u011fimiz her yerin, biz orada oldu\u011fumuz i\u00e7in daha iyi olmas\u0131 gerekti\u011fine inan\u0131yoruz.<\/p>\n<p>\u00c7al\u0131\u015fanlar\u0131m\u0131z\u0131n c\u00f6mert ve g\u00f6n\u00fcll\u00fc olmalar\u0131 Lever\u2019in, hizmet verdi\u011fimiz toplumlar i\u00e7in daha temiz ve sa\u011fl\u0131kl\u0131 bir gelecek yaratmas\u0131na yard\u0131mc\u0131 olmaktad\u0131r.<\/p>\n<p>&nbsp;<\/p>\n<p><b><strong>K\u00fcresel \u00c7ocuk Giri\u015fimi<\/strong><\/b><\/p>\n<p>Okullarda temizlik ve sterilizasyon \u00e7\u00f6z\u00fcmlerinin \u00f6nde gelen k\u00fcresel tedarik\u00e7isi olma rol\u00fc, sosyal sorumluluk taahh\u00fctlerinin odak noktas\u0131 olarak, d\u00fcnya \u00e7ap\u0131ndaki okullara ve \u00e7ocuklara yat\u0131r\u0131m yapmas\u0131 i\u00e7in Lever&#8217;e ilham vermi\u015ftir. \u00a0Gelece\u011fi bizden devralacak olan insanlar i\u00e7in daha temiz ve sa\u011fl\u0131kl\u0131 bir gelecek yaratmak amac\u0131yla, zaman, malzeme ve uzmanl\u0131k katk\u0131s\u0131nda bulunarak kendimizi bu i\u015fe adad\u0131k.<\/p>\n<p>&nbsp;<\/p>\n<p><b><strong>\u0130\u015f g\u00fcc\u00fc<\/strong><\/b><\/p>\n<p>\u00c7al\u0131\u015fanlar\u0131m\u0131z, \u015firketimizin en ba\u015fta gelen g\u00fc\u00e7 unsurlar\u0131ndand\u0131r. M\u00fc\u015fterilerimiz, i\u015f ortaklar\u0131m\u0131z ve toplumumuz i\u00e7in g\u00fctt\u00fc\u011f\u00fcm\u00fcz ama\u00e7lar\u0131m\u0131z\u0131 ger\u00e7e\u011fe d\u00f6n\u00fc\u015ft\u00fcren yine \u00e7al\u0131\u015fanlar\u0131m\u0131z\u0131n yetene\u011fi, yarat\u0131c\u0131l\u0131\u011f\u0131 ve arzusudur. \u00c7al\u0131\u015fanlar\u0131m\u0131z\u0131n g\u00fcvenli\u011fi ve refah\u0131n\u0131n yan\u0131 s\u0131ra onlar\u0131n e\u011fitimine ve kariyer geli\u015fimine de yat\u0131r\u0131m yap\u0131yoruz.<\/p>\n<p>&nbsp;<\/p>\n<p><b><strong>Ortaklar<\/strong><\/b><\/p>\n<p>D\u00fcnyan\u0131n d\u00f6rt bir yan\u0131ndaki fikir liderleriyle birlikte \u00e7al\u0131\u015farak, sekt\u00f6r\u00fcm\u00fczde s\u00fcrd\u00fcr\u00fclebilirlik anlay\u0131\u015f\u0131n\u0131 te\u015fvik ediyor, daha temiz ve sa\u011fl\u0131kl\u0131 bir gelece\u011fin destek\u00e7ili\u011fini yap\u0131yoruz. H\u00fck\u00fcmet makamlar\u0131, sivil toplum kurulu\u015flar\u0131 ve sanayi gruplar\u0131 ile \u00e7ok \u00f6nemli ortakl\u0131klar kurduk. Uzmanl\u0131\u011f\u0131m\u0131z\u0131 payla\u015f\u0131yoruz. Yarat\u0131c\u0131 ve tutkulu ki\u015filerin, ortak hedefler do\u011frultusunda yeteneklerini birle\u015ftirdikleri zaman ortaya \u00e7\u0131kan de\u011ferin s\u00fcrmesini sa\u011fl\u0131yoruz.<\/p>\n<p>&nbsp;<\/p>\n<p><b><strong>Denetim<\/strong><\/b><\/p>\n<p>Yapt\u0131\u011f\u0131m\u0131z her i\u015fte en y\u00fcksek etik ve yasal davran\u0131\u015f standard\u0131n\u0131 koruyoruz. Denetim uygulamalar\u0131m\u0131z, kapsaml\u0131 Ahlak ve \u0130\u015f \u0130daresi Kurallar\u0131\u2019ndan olu\u015fmaktad\u0131r. T\u00fcm i\u015f uygulamalar\u0131m\u0131z\u0131 d\u00fczenli ve s\u0131k\u0131 bir \u015fekilde denetliyor, \u00e7al\u0131\u015fanlar\u0131m\u0131z\u0131 etik i\u015f uygulamalar\u0131 konusunda e\u011fitiyoruz.<\/p>\n","protected":false},"excerpt":{"rendered":"<p>Lever End\u00fcstriyel&#8217;in amac\u0131; ya\u015fam\u0131 korumak, d\u00fcnyay\u0131 korumak ve i\u015fimizi geli\u015ftirmektir.\u00a0 Bu net ifade ile \u015firket olarak varolu\u015f sebebimizi, kendimizden ve i\u015fimizden ne bekledi\u011fimizi a\u00e7\u0131klam\u0131\u015f bulunuyoruz. Amac\u0131m\u0131z, s\u00fcrd\u00fcr\u00fclebilirli\u011fin en \u00f6nemli sosyal, \u00e7evresel ve ekonomik anlamlar\u0131n\u0131 kucaklad\u0131\u011f\u0131m\u0131z \u00f6zel yakla\u015f\u0131m\u0131 ortaya koymaktad\u0131r. S\u00fcrd\u00fcr\u00fclebilirlik konusundaki liderli\u011fimiz; m\u00fc\u015fterilerimiz, \u00e7al\u0131\u015fanlar\u0131m\u0131z ve topluluklar\u0131m\u0131z taraf\u0131ndan kabul g\u00f6rmekte ve takdir edilmektedir. &nbsp; KORU \u00a0FAAL\u0130YETLER [&hellip;]<\/p>\n","protected":false},"author":1,"featured_media":0,"parent":0,"menu_order":0,"comment_status":"closed","ping_status":"closed","template":"","meta":{"footnotes":""},"class_list":["post-8","page","type-page","status-publish","hentry"],"_links":{"self":[{"href":"https:\/\/www.leverendustriyel.com\/index.php\/wp-json\/wp\/v2\/pages\/8","targetHints":{"allow":["GET"]}}],"collection":[{"href":"https:\/\/www.leverendustriyel.com\/index.php\/wp-json\/wp\/v2\/pages"}],"about":[{"href":"https:\/\/www.leverendustriyel.com\/index.php\/wp-json\/wp\/v2\/types\/page"}],"author":[{"embeddable":true,"href":"https:\/\/www.leverendustriyel.com\/index.php\/wp-json\/wp\/v2\/users\/1"}],"replies":[{"embeddable":true,"href":"https:\/\/www.leverendustriyel.com\/index.php\/wp-json\/wp\/v2\/comments?post=8"}],"version-history":[{"count":20,"href":"https:\/\/www.leverendustriyel.com\/index.php\/wp-json\/wp\/v2\/pages\/8\/revisions"}],"predecessor-version":[{"id":636,"href":"https:\/\/www.leverendustriyel.com\/index.php\/wp-json\/wp\/v2\/pages\/8\/revisions\/636"}],"wp:attachment":[{"href":"https:\/\/www.leverendustriyel.com\/index.php\/wp-json\/wp\/v2\/media?parent=8"}],"curies":[{"name":"wp","href":"https:\/\/api.w.org\/{rel}","templated":true}]}}